{"id":26910,"date":"2026-03-31T21:56:44","date_gmt":"2026-04-01T00:56:44","guid":{"rendered":"https:\/\/algohits.com\/loja\/?post_type=product&#038;p=26910"},"modified":"2026-04-10T10:57:05","modified_gmt":"2026-04-10T13:57:05","slug":"bone-preto-rancore","status":"publish","type":"product","link":"https:\/\/algohits.com\/loja\/produto\/bone-preto-rancore\/","title":{"rendered":"Bon\u00e9 Preto &#8211; RANCORE"},"content":{"rendered":"<p>Cole\u00e7\u00e3o Rancore x Algohits!<\/p>\n","protected":false},"excerpt":{"rendered":"<p>Cole\u00e7\u00e3o Rancore x Algohits!<\/p>\n","protected":false},"featured_media":26909,"template":"","meta":[],"product_brand":[],"product_cat":[90],"product_tag":[],"artista":[170],"parceiro":[],"class_list":{"0":"post-26910","1":"product","2":"type-product","3":"status-publish","4":"has-post-thumbnail","6":"product_cat-camiseta","7":"artista-rancore","9":"first","10":"instock","11":"shipping-taxable","12":"purchasable","13":"product-type-variable"},"_links":{"self":[{"href":"https:\/\/algohits.com\/loja\/wp-json\/wp\/v2\/product\/26910","targetHints":{"allow":["GET"]}}],"collection":[{"href":"https:\/\/algohits.com\/loja\/wp-json\/wp\/v2\/product"}],"about":[{"href":"https:\/\/algohits.com\/loja\/wp-json\/wp\/v2\/types\/product"}],"wp:featuredmedia":[{"embeddable":true,"href":"https:\/\/algohits.com\/loja\/wp-json\/wp\/v2\/media\/26909"}],"wp:attachment":[{"href":"https:\/\/algohits.com\/loja\/wp-json\/wp\/v2\/media?parent=26910"}],"wp:term":[{"taxonomy":"product_brand","embeddable":true,"href":"https:\/\/algohits.com\/loja\/wp-json\/wp\/v2\/product_brand?post=26910"},{"taxonomy":"product_cat","embeddable":true,"href":"https:\/\/algohits.com\/loja\/wp-json\/wp\/v2\/product_cat?post=26910"},{"taxonomy":"product_tag","embeddable":true,"href":"https:\/\/algohits.com\/loja\/wp-json\/wp\/v2\/product_tag?post=26910"},{"taxonomy":"artista","embeddable":true,"href":"https:\/\/algohits.com\/loja\/wp-json\/wp\/v2\/artista?post=26910"},{"taxonomy":"parceiro","embeddable":true,"href":"https:\/\/algohits.com\/loja\/wp-json\/wp\/v2\/parceiro?post=26910"}],"curies":[{"name":"wp","href":"https:\/\/api.w.org\/{rel}","templated":true}]}}