{"id":26317,"date":"2026-01-28T17:33:28","date_gmt":"2026-01-28T20:33:28","guid":{"rendered":"https:\/\/algohits.com\/loja\/?post_type=product&#038;p=26317"},"modified":"2026-03-15T17:21:51","modified_gmt":"2026-03-15T20:21:51","slug":"bone-voz-do-brasil-urias","status":"publish","type":"product","link":"https:\/\/algohits.com\/loja\/produto\/bone-voz-do-brasil-urias\/","title":{"rendered":"Bon\u00e9 Voz do Brasil &#8211; URIAS"},"content":{"rendered":"<p>Bon\u00e9 oficial de Voz do Brasil, single do \u00e1lbum CARRANCA de Urias.<\/p>\n","protected":false},"excerpt":{"rendered":"<p><span data-sheets-root=\"1\">Bon\u00e9 VOZ DO BRASIL<\/span><\/p>\n<p>Vers\u00e3o: Eu tamb\u00e9m quero ir pro Brasil<\/p>\n<p>Fecho Met\u00e1lico, Tamanho \u00danico<br \/>\nFrase bordada em Linha Dourada<\/p>\n<p>A cor do produto pode variar levemente da imagem apresentada de acordo com o dispositivo de visualiza\u00e7\u00e3o.<\/p>\n","protected":false},"featured_media":26318,"template":"","meta":[],"product_brand":[],"product_cat":[118],"product_tag":[],"artista":[159],"parceiro":[],"class_list":{"0":"post-26317","1":"product","2":"type-product","3":"status-publish","4":"has-post-thumbnail","6":"product_cat-bone","7":"artista-urias","9":"first","10":"instock","11":"shipping-taxable","12":"purchasable","13":"product-type-simple"},"_links":{"self":[{"href":"https:\/\/algohits.com\/loja\/wp-json\/wp\/v2\/product\/26317","targetHints":{"allow":["GET"]}}],"collection":[{"href":"https:\/\/algohits.com\/loja\/wp-json\/wp\/v2\/product"}],"about":[{"href":"https:\/\/algohits.com\/loja\/wp-json\/wp\/v2\/types\/product"}],"wp:featuredmedia":[{"embeddable":true,"href":"https:\/\/algohits.com\/loja\/wp-json\/wp\/v2\/media\/26318"}],"wp:attachment":[{"href":"https:\/\/algohits.com\/loja\/wp-json\/wp\/v2\/media?parent=26317"}],"wp:term":[{"taxonomy":"product_brand","embeddable":true,"href":"https:\/\/algohits.com\/loja\/wp-json\/wp\/v2\/product_brand?post=26317"},{"taxonomy":"product_cat","embeddable":true,"href":"https:\/\/algohits.com\/loja\/wp-json\/wp\/v2\/product_cat?post=26317"},{"taxonomy":"product_tag","embeddable":true,"href":"https:\/\/algohits.com\/loja\/wp-json\/wp\/v2\/product_tag?post=26317"},{"taxonomy":"artista","embeddable":true,"href":"https:\/\/algohits.com\/loja\/wp-json\/wp\/v2\/artista?post=26317"},{"taxonomy":"parceiro","embeddable":true,"href":"https:\/\/algohits.com\/loja\/wp-json\/wp\/v2\/parceiro?post=26317"}],"curies":[{"name":"wp","href":"https:\/\/api.w.org\/{rel}","templated":true}]}}