{"id":22424,"date":"2025-04-28T15:22:41","date_gmt":"2025-04-28T18:22:41","guid":{"rendered":"https:\/\/algohits.com\/loja\/?post_type=product&#038;p=22424"},"modified":"2025-10-07T12:24:27","modified_gmt":"2025-10-07T15:24:27","slug":"camiseta-libertariamente-gritando-hc","status":"publish","type":"product","link":"https:\/\/algohits.com\/loja\/produto\/camiseta-libertariamente-gritando-hc\/","title":{"rendered":"Camiseta Libertariamente &#8211; Gritando HC"},"content":{"rendered":"<p>A cole\u00e7\u00e3o Gritando HC x Algohits apresentando pe\u00e7as com estampas criadas para o lan\u00e7amento do mais novo album da banda<\/p>\n","protected":false},"excerpt":{"rendered":"<p>A cole\u00e7\u00e3o Gritando HC x Algohits apresentando pe\u00e7as com estampas criadas para o lan\u00e7amento do mais novo album da banda<\/p>\n","protected":false},"featured_media":22433,"template":"","meta":[],"product_brand":[],"product_cat":[90],"product_tag":[],"artista":[149],"parceiro":[],"class_list":{"0":"post-22424","1":"product","2":"type-product","3":"status-publish","4":"has-post-thumbnail","6":"product_cat-camiseta","7":"artista-gritando-hc","9":"first","10":"instock","11":"shipping-taxable","12":"purchasable","13":"product-type-variable"},"_links":{"self":[{"href":"https:\/\/algohits.com\/loja\/wp-json\/wp\/v2\/product\/22424","targetHints":{"allow":["GET"]}}],"collection":[{"href":"https:\/\/algohits.com\/loja\/wp-json\/wp\/v2\/product"}],"about":[{"href":"https:\/\/algohits.com\/loja\/wp-json\/wp\/v2\/types\/product"}],"wp:featuredmedia":[{"embeddable":true,"href":"https:\/\/algohits.com\/loja\/wp-json\/wp\/v2\/media\/22433"}],"wp:attachment":[{"href":"https:\/\/algohits.com\/loja\/wp-json\/wp\/v2\/media?parent=22424"}],"wp:term":[{"taxonomy":"product_brand","embeddable":true,"href":"https:\/\/algohits.com\/loja\/wp-json\/wp\/v2\/product_brand?post=22424"},{"taxonomy":"product_cat","embeddable":true,"href":"https:\/\/algohits.com\/loja\/wp-json\/wp\/v2\/product_cat?post=22424"},{"taxonomy":"product_tag","embeddable":true,"href":"https:\/\/algohits.com\/loja\/wp-json\/wp\/v2\/product_tag?post=22424"},{"taxonomy":"artista","embeddable":true,"href":"https:\/\/algohits.com\/loja\/wp-json\/wp\/v2\/artista?post=22424"},{"taxonomy":"parceiro","embeddable":true,"href":"https:\/\/algohits.com\/loja\/wp-json\/wp\/v2\/parceiro?post=22424"}],"curies":[{"name":"wp","href":"https:\/\/api.w.org\/{rel}","templated":true}]}}