{"id":22399,"date":"2025-04-28T15:13:51","date_gmt":"2025-04-28T18:13:51","guid":{"rendered":"https:\/\/algohits.com\/loja\/?post_type=product&#038;p=22399"},"modified":"2025-11-28T22:50:08","modified_gmt":"2025-11-29T01:50:08","slug":"camiseta-libertar-nossas-correntes-gritando-hc","status":"publish","type":"product","link":"https:\/\/algohits.com\/loja\/produto\/camiseta-libertar-nossas-correntes-gritando-hc\/","title":{"rendered":"Camiseta Libertar Nossas Correntes &#8211; Gritando HC"},"content":{"rendered":"<p>A cole\u00e7\u00e3o Gritando HC x Algohits apresentando pe\u00e7as com estampas criadas para o lan\u00e7amento do mais novo album da banda<\/p>\n","protected":false},"excerpt":{"rendered":"<p>A cole\u00e7\u00e3o Gritando HC x Algohits apresentando pe\u00e7as com estampas criadas para o lan\u00e7amento do mais novo album da banda<\/p>\n","protected":false},"featured_media":22404,"template":"","meta":[],"product_brand":[],"product_cat":[90],"product_tag":[],"artista":[149],"parceiro":[],"class_list":{"0":"post-22399","1":"product","2":"type-product","3":"status-publish","4":"has-post-thumbnail","6":"product_cat-camiseta","7":"artista-gritando-hc","9":"first","10":"instock","11":"shipping-taxable","12":"purchasable","13":"product-type-variable"},"_links":{"self":[{"href":"https:\/\/algohits.com\/loja\/wp-json\/wp\/v2\/product\/22399","targetHints":{"allow":["GET"]}}],"collection":[{"href":"https:\/\/algohits.com\/loja\/wp-json\/wp\/v2\/product"}],"about":[{"href":"https:\/\/algohits.com\/loja\/wp-json\/wp\/v2\/types\/product"}],"wp:featuredmedia":[{"embeddable":true,"href":"https:\/\/algohits.com\/loja\/wp-json\/wp\/v2\/media\/22404"}],"wp:attachment":[{"href":"https:\/\/algohits.com\/loja\/wp-json\/wp\/v2\/media?parent=22399"}],"wp:term":[{"taxonomy":"product_brand","embeddable":true,"href":"https:\/\/algohits.com\/loja\/wp-json\/wp\/v2\/product_brand?post=22399"},{"taxonomy":"product_cat","embeddable":true,"href":"https:\/\/algohits.com\/loja\/wp-json\/wp\/v2\/product_cat?post=22399"},{"taxonomy":"product_tag","embeddable":true,"href":"https:\/\/algohits.com\/loja\/wp-json\/wp\/v2\/product_tag?post=22399"},{"taxonomy":"artista","embeddable":true,"href":"https:\/\/algohits.com\/loja\/wp-json\/wp\/v2\/artista?post=22399"},{"taxonomy":"parceiro","embeddable":true,"href":"https:\/\/algohits.com\/loja\/wp-json\/wp\/v2\/parceiro?post=22399"}],"curies":[{"name":"wp","href":"https:\/\/api.w.org\/{rel}","templated":true}]}}