{"id":19007,"date":"2024-10-31T11:09:19","date_gmt":"2024-10-31T14:09:19","guid":{"rendered":"https:\/\/algohits.com\/loja\/?post_type=product&#038;p=19007"},"modified":"2026-04-26T17:19:20","modified_gmt":"2026-04-26T20:19:20","slug":"camiseta-quem-matou-o-bozo-20-anos-cueio-limao","status":"publish","type":"product","link":"https:\/\/algohits.com\/loja\/produto\/camiseta-quem-matou-o-bozo-20-anos-cueio-limao\/","title":{"rendered":"Camiseta Quem Matou o Bozo 20 anos &#8211; Cueio Lim\u00e3o"},"content":{"rendered":"<p>A cole\u00e7\u00e3o Cueio Lim\u00e3o x Algohits apresentando pe\u00e7as com estampas criadas para a banda<\/p>\n","protected":false},"excerpt":{"rendered":"<p>A cole\u00e7\u00e3o Cueio Lim\u00e3o x Algohits apresentando pe\u00e7as com estampas criadas para a banda<\/p>\n","protected":false},"featured_media":19019,"template":"","meta":[],"product_brand":[],"product_cat":[90],"product_tag":[],"artista":[143],"parceiro":[],"class_list":{"0":"post-19007","1":"product","2":"type-product","3":"status-publish","4":"has-post-thumbnail","6":"product_cat-camiseta","7":"artista-cueio-limao","9":"first","10":"instock","11":"shipping-taxable","12":"purchasable","13":"product-type-variable"},"_links":{"self":[{"href":"https:\/\/algohits.com\/loja\/wp-json\/wp\/v2\/product\/19007","targetHints":{"allow":["GET"]}}],"collection":[{"href":"https:\/\/algohits.com\/loja\/wp-json\/wp\/v2\/product"}],"about":[{"href":"https:\/\/algohits.com\/loja\/wp-json\/wp\/v2\/types\/product"}],"wp:featuredmedia":[{"embeddable":true,"href":"https:\/\/algohits.com\/loja\/wp-json\/wp\/v2\/media\/19019"}],"wp:attachment":[{"href":"https:\/\/algohits.com\/loja\/wp-json\/wp\/v2\/media?parent=19007"}],"wp:term":[{"taxonomy":"product_brand","embeddable":true,"href":"https:\/\/algohits.com\/loja\/wp-json\/wp\/v2\/product_brand?post=19007"},{"taxonomy":"product_cat","embeddable":true,"href":"https:\/\/algohits.com\/loja\/wp-json\/wp\/v2\/product_cat?post=19007"},{"taxonomy":"product_tag","embeddable":true,"href":"https:\/\/algohits.com\/loja\/wp-json\/wp\/v2\/product_tag?post=19007"},{"taxonomy":"artista","embeddable":true,"href":"https:\/\/algohits.com\/loja\/wp-json\/wp\/v2\/artista?post=19007"},{"taxonomy":"parceiro","embeddable":true,"href":"https:\/\/algohits.com\/loja\/wp-json\/wp\/v2\/parceiro?post=19007"}],"curies":[{"name":"wp","href":"https:\/\/api.w.org\/{rel}","templated":true}]}}