{"id":13760,"date":"2024-01-22T11:31:14","date_gmt":"2024-01-22T14:31:14","guid":{"rendered":"https:\/\/algohits.com\/loja\/?post_type=product&#038;p=13760"},"modified":"2024-09-30T14:27:54","modified_gmt":"2024-09-30T17:27:54","slug":"shorts-feminino-plutao-ja-foi-planeta","status":"publish","type":"product","link":"https:\/\/algohits.com\/loja\/produto\/shorts-feminino-plutao-ja-foi-planeta\/","title":{"rendered":"Shorts Feminino Plut\u00e3o J\u00e1 Foi Planeta"},"content":{"rendered":"<p>Cole\u00e7\u00e3o Interplanet\u00e1ria PJFP x Algohits apresentando artes voltadas para o novo trabalho de est\u00fadio da banda<\/p>\n","protected":false},"excerpt":{"rendered":"<p>Cole\u00e7\u00e3o Interplanet\u00e1ria PJFP x Algohits apresentando artes voltadas para o novo trabalho de est\u00fadio da banda<\/p>\n","protected":false},"featured_media":14195,"template":"","meta":[],"product_brand":[],"product_cat":[139,129],"product_tag":[],"artista":[94],"parceiro":[],"class_list":{"0":"post-13760","1":"product","2":"type-product","3":"status-publish","4":"has-post-thumbnail","6":"product_cat-sale","7":"product_cat-shorts","8":"artista-plutao-ja-foi-planeta","10":"first","11":"instock","12":"shipping-taxable","13":"product-type-variable"},"_links":{"self":[{"href":"https:\/\/algohits.com\/loja\/wp-json\/wp\/v2\/product\/13760","targetHints":{"allow":["GET"]}}],"collection":[{"href":"https:\/\/algohits.com\/loja\/wp-json\/wp\/v2\/product"}],"about":[{"href":"https:\/\/algohits.com\/loja\/wp-json\/wp\/v2\/types\/product"}],"wp:featuredmedia":[{"embeddable":true,"href":"https:\/\/algohits.com\/loja\/wp-json\/wp\/v2\/media\/14195"}],"wp:attachment":[{"href":"https:\/\/algohits.com\/loja\/wp-json\/wp\/v2\/media?parent=13760"}],"wp:term":[{"taxonomy":"product_brand","embeddable":true,"href":"https:\/\/algohits.com\/loja\/wp-json\/wp\/v2\/product_brand?post=13760"},{"taxonomy":"product_cat","embeddable":true,"href":"https:\/\/algohits.com\/loja\/wp-json\/wp\/v2\/product_cat?post=13760"},{"taxonomy":"product_tag","embeddable":true,"href":"https:\/\/algohits.com\/loja\/wp-json\/wp\/v2\/product_tag?post=13760"},{"taxonomy":"artista","embeddable":true,"href":"https:\/\/algohits.com\/loja\/wp-json\/wp\/v2\/artista?post=13760"},{"taxonomy":"parceiro","embeddable":true,"href":"https:\/\/algohits.com\/loja\/wp-json\/wp\/v2\/parceiro?post=13760"}],"curies":[{"name":"wp","href":"https:\/\/api.w.org\/{rel}","templated":true}]}}